What is the remainder when 1714 is divided by 35?
34
What is the remainder when 92 is divided by 25?
17
Calculate the remainder when 3047 is divided by 131.
34
What is the remainder when 115 is divided by 20?
15
What is the remainder when 416 is divided by 24?
8
What is the remainder when 393 is divided by 109?
66
What is the remainder when 5560 is divided by 103?
101
Calculate the remainder when 127 is divided by 32.
31
Calculate the remainder when 236 is divided by 13.
2
What is the remainder when 658 is divided by 45?
28
Calculate the remainder when 268 is divided by 266.
2
What is the remainder when 368 is divided by 7?
4
Calculate the remainder when 130 is divided by 74.
56
Calculate the remainder when 16254 is divided by 64.
62
What is the remainder when 245 is divided by 237?
8
What is the remainder when 4158 is divided by 26?
24
Calculate the remainder when 89 is divided by 14.
5
What is the remainder when 3674 is divided by 49?
48
What is the remainder when 45 is divided by 17?
11
Calculate the remainder when 6522 is divided by 14.
12
Calculate the remainder when 148 is divided by 27.
13
What is the remainder when 275 is divided by 64?
19
What is the remainder when 1022 is divided by 1010?
12
What is the remainder when 27 is divided by 24?
3
What is the remainder when 613 is divided by 154?
151
Calculate the remainder when 755 is divided by 28.
27
Calculate the remainder when 1089 is divided by 52.
49
What is the remainder when 333 is divided by 7?
4
What is the remainder when 32 is divided by 5?
2
What is the remainder when 636 is divided by 58?
56
Calculate the remainder when 776 is divided by 19.
16
Calculate the remainder when 426 is divided by 420.
6
Calculate the remainder when 97 is divided by 25.
22
Calculate the remainder when 880 is divided by 437.
6
Calculate the remainder when 45 is divided by 23.
22
Calculate the remainder when 1008 is divided by 42.
0
What is the remainder when 376 is divided by 48?
40
Calculate the remainder when 175 is divided by 82.
11
What is the remainder when 308 is divided by 29?
18
Calculate the remainder when 2664 is divided by 167.
159
Calculate the remainder when 1216 is divided by 142.
80
Calculate the remainder when 139 is divided by 70.
69
What is the remainder when 51 is divided by 5?
1
What is the remainder when 165 is divided by 77?
11
Calculate the remainder when 53 is divided by 23.
7
Calculate the remainder when 459 is divided by 20.
19
What is the remainder when 1720 is divided by 33?
4
Calculate the remainder when 75 is divided by 7.
5
Calculate the remainder when 333 is divided by 51.
27
Calculate the remainder when 230 is divided by 80.
70
Calculate the remainder when 181 is divided by 14.
13
What is the remainder when 1839 is divided by 80?
79
Calculate the remainder when 503 is divided by 56.
55
What is the remainder when 344 is divided by 11?
3
Calculate the remainder when 2466 is divided by 10.
6
What is the remainder when 201 is divided by 34?
31
What is the remainder when 63 is divided by 40?
23
Calculate the remainder when 451 is divided by 34.
9
Calculate the remainder when 420 is divided by 49.
28
Calculate the remainder when 3859 is divided by 143.
141
What is the remainder when 72 is divided by 63?
9
Calculate the remainder when 8554 is divided by 93.
91
Calculate the remainder when 63 is divided by 26.
11
Calculate the remainder when 89 is divided by 23.
20
What is the remainder when 544 is divided by 23?
15
What is the remainder when 865 is divided by 51?
49
What is the remainder when 101 is divided by 34?
33
What is the remainder when 396 is divided by 57?
54
What is the remainder when 1267 is divided by 47?
45
Calculate the remainder when 1107 is divided by 359.
30
Calculate the remainder when 465 is divided by 98.
73
What is the remainder when 264 is divided by 86?
6
Calculate the remainder when 81 is divided by 3.
0
What is the remainder when 355 is divided by 26?
17
Calculate the remainder when 226 is divided by 49.
30
Calculate the remainder when 1440 is divided by 131.
130
Calculate the remainder when 751 is divided by 68.
3
What is the remainder when 253 is divided by 97?
59
What is the remainder when 359 is divided by 26?
21
What is the remainder when 679 is divided by 24?
7
Calculate the remainder when 269 is divided by 93.
83
What is the remainder when 337 is divided by 89?
70
Calculate the remainder when 88 is divided by 38.
12
Calculate the remainder when 3497 is divided by 78.
65
Calculate the remainder when 498 is divided by 101.
94
Calculate the remainder when 8158 is divided by 170.
168
Calculate the remainder when 2229 is divided by 31.
28
What is the remainder when 799 is divided by 27?
16
What is the remainder when 1867 is divided by 170?
167
Calculate the remainder when 8047 is divided by 25.
22
What is the remainder when 491 is divided by 101?
87
Calculate the remainder when 401 is divided by 58.
53
What is the remainder when 3083 is divided by 7?
3
What is the remainder when 376 is divided by 9?
7
Calculate the remainder when 271 is divided by 54.
1
Calculate the remainder when 23 is divided by 20.
3
What is the remainder when 98 is divided by 42?
14
What is the remainder when 2226 is divided by 5?
1
What is the remainder when 281 is divided by 71?
68
What is the remainder when 109 is divided by 35?
4
What is the remainder when 819 is divided by 20?
19
What is the remainder when 1125 is divided by 47?
44
What is the remainder when 1037 is divided by 1036?
1
Calculate the remainder when 107 is divided by 37.
33
What is the remainder when 1637 is divided by 22?
9
Calculate the remainder when 455 is divided by 12.
11
Calculate the remainder when 64 is divided by 13.
12
What is the remainder when 227 is divided by 21?
17
Calculate the remainder when 217 is divided by 106.
5
Calculate the remainder when 18 is divided by 10.
8
Calculate the remainder when 11173 is divided by 75.
73
Calculate the remainder when 65 is divided by 23.
19
What is the remainder when 394 is divided by 20?
14
What is the remainder when 50 is divided by 14?
8
What is the remainder when 78 is divided by 29?
20
What is the remainder when 995 is divided by 126?
113
Calculate the remainder when 4178 is divided by 102.
98
Calculate the remainder when 121 is divided by 31.
28
Calculate the remainder when 229 is divided by 104.
21
Calculate the remainder when 1913 is divided by 213.
209
What is the remainder when 780 is divided by 110?
10
What is the remainder when 131 is divided by 23?
16
What is the remainder when 92 is divided by 49?
43
Calculate the remainder when 2226 is divided by 123.
12
What is the remainder when 1022 is divided by 50?
22
What is the remainder when 250 is divided by 7?
5
What is the remainder when 862 is divided by 206?
38
What is the remainder when 461 is divided by 236?
225
Calculate the remainder when 124 is divided by 14.
12
Calculate the remainder when 231 is divided by 72.
15
What is the remainder when 79 is divided by 17?
11
What is the remainder when 177 is divided by 53?
18
What is the remainder when 111 is divided by 14?
13
Calculate the remainder when 1938 is divided by 1935.
3
What is the remainder when 264 is divided by 17?
9
Calculate the remainder when 1494 is divided by 388.
330
Calculate the remainder when 1325 is divided by 16.
13
What is the remainder when 1383 is divided by 345?
3
What is the remainder when 87 is divided by 9?
6
Calculate the remainder when 194 is divided by 39.
38
Calculate the remainder when 483 is divided by 8.
3
Calculate the remainder when 320 is divided by 93.
41
What is the remainder when 4375 is divided by 46?
5
Calculate the remainder when 91 is divided by 32.
27
What is the remainder when 459 is divided by 57?
3
Calculate the remainder when 235 is divided by 48.
43
What is the remainder when 3286 is divided by 12?
10
What is the remainder when 2890 is divided by 47?
23
What is the remainder when 26 is divided by 6?
2
Calculate the remainder when 1333 is divided by 89.
87
Calculate the remainder when 283 is divided by 87.
22
Calculate the remainder when 1026 is divided by 311.
93
Calculate the remainder when 453 is divided by 35.
33
Calculate the remainder when 1385 is divided by 687.
11
What is the remainder